{"id":545,"date":"2020-03-13T10:59:35","date_gmt":"2020-03-13T09:59:35","guid":{"rendered":"https:\/\/www.jeannebarret.fr\/?page_id=545"},"modified":"2020-03-13T10:59:35","modified_gmt":"2020-03-13T09:59:35","slug":"cookies","status":"publish","type":"page","link":"https:\/\/www.jeannebarret.fr\/?page_id=545","title":{"rendered":"Cookies"},"content":{"rendered":"<h2>Information Cookies<\/h2>\n<p>Les cookies que nous utilisons sur notre site sont r\u00e9partis en plusieurs cat\u00e9gories :<\/p>\n<p>1. Les cookies \u00ab\u00a0essentiels\u00a0\u00bb qui conditionnent le bon fonctionnement du site.<br \/>\n2. Les cookies optionnels<\/p>\n<h3>1. Les cookies \u00ab\u00a0essentiels\u00a0\u00bb<\/h3>\n<p>Les cookies \u201cessentiels\u201d vous permettent de naviguer sur notre site et d\u2019utiliser les fonctionnalit\u00e9s de base de notre site. Ces cookies ne gardent aucune information personnelle en m\u00e9moire, qui pourrait \u00eatre utilis\u00e9e \u00e0 des fins Marketing.<\/p>\n<p>Nous utilisons aussi ces cookies pour collecter des informations au sujet de votre navigation sur notre site, \u00e0 savoir les pages que vous visitez, les erreurs informatiques que vous pouvez rencontrer etc. Les utilisateurs profitent ainsi de fonctionnalit\u00e9s plus personnalis\u00e9es telles que l&rsquo;inscription \u00e0 notre newsletter, le formulaire de contact ou les google maps par exemple. Ces cookies ne gardent cependant pas non plus d\u2019information nous permettant de vous identifier : toute l\u2019information collect\u00e9e est anonyme et uniquement utilis\u00e9e pour nous aider \u00e0 am\u00e9liorer le fonctionnement de notre site, nous aider \u00e0 comprendre ce qui int\u00e9ressent nos internautes et mesurer l\u2019efficacit\u00e9 globale de notre site.<\/p>\n<p><strong>Accepter ces cookies est une condition d\u2019utilisation de notre site. Ainsi, si vous refusez ces cookies, nous ne pouvons pas vous assurer du bon fonctionnement de notre site lors de votre visite.<\/strong><\/p>\n<h3>2. Les cookies d&rsquo;analyse d&rsquo;audience<\/h3>\n<p>Nous utilisons ces cookies optionnels notamment pour savoir si vous \u00eates un nouveau visiteur de notre site ou un visiteur r\u00e9gulier. Les cookies d&rsquo;analyse d&rsquo;audience permettent de collecter des informations anonymes et de g\u00e9n\u00e9rer des rapports sur les statistiques d&rsquo;utilisation du site sans que les utilisateurs individuels soient identifi\u00e9s personnellement (Les cookies Google Analytics). Ces donn\u00e9es peuvent nous servir \u00e0 optimiser notre site web et \u00e0 le rendre plus facile \u00e0 parcourir.<\/p>\n<h3>3. Comment supprimer les cookies<\/h3>\n<p>Vous avez la possibilit\u00e9 de supprimer manuellement les cookies pr\u00e9sents sur votre navigateur.<\/p>\n<table>\n<tbody>\n<tr>\n<td><strong>Supprimer les cookies de Firefox<\/strong><\/p>\n<p>Vous allez dans :<br \/>\n\u2022 Outils<br \/>\n\u2022 Options<br \/>\n\u2022 Vie priv\u00e9e<br \/>\n\u2022 Cookies<br \/>\n\u2022 Afficher les cookies.<br \/>\n\u2022 D\u00e8s lors :<br \/>\n<span class=\"decale\">o soit effacer tous les cookies,<\/span><br \/>\n<span class=\"decale\">o soit effacer le cookie.<\/span><\/td>\n<td><strong>Supprimer les cookies de Internet Explorer :<\/strong><\/p>\n<p>Vous allez dans :<\/p>\n<p>\u2022 Outils<br \/>\n\u2022 Options internet<br \/>\n\u2022 Supprimer les cookies<\/td>\n<td><strong>Supprimer les cookies de Google Chrome<\/strong><\/p>\n<p>Pour supprimer les cookies dans Google Chrome, cliquez sur l&rsquo;ic\u00f4ne en forme de cl\u00e9 \u00e0 molette situ\u00e9e dans la barre d&rsquo;outils puis allez dans :<\/p>\n<p>\u2022 Param\u00e8tres.<br \/>\n\u2022 Options avanc\u00e9es.<br \/>\n\u2022 Param\u00e8tres de contenu<br \/>\n\u2022 Cookies \/ Cookies et autres donn\u00e9es.<br \/>\n<span class=\"decale\">o cliquez sur Tout supprimer pour vider les cookies .<\/span><br \/>\n<span class=\"decale\">o pour supprimer un cookie particulier, s\u00e9lectionnez le site, puis le cookie. et cliquez sur Supprimer.<\/span><\/td>\n<td><strong>Supprimer les cookies de Opera<\/strong><\/p>\n<p>Vous allez dans :<\/p>\n<p>\u2022 Outils<br \/>\n\u2022 Pr\u00e9f\u00e9rences<br \/>\n\u2022 Onglet \u00ab\u00a0Avanc\u00e9\u00a0\u00bb<br \/>\n\u2022 Rubrique \u00ab\u00a0Cookies\u00a0\u00bb<br \/>\n\u2022 Cliquer sur \u00ab\u00a0G\u00e9rer les cookies\u00a0\u00bb<br \/>\n\u2022 D\u00e8s lors, vous supprimez l&rsquo;un apr\u00e8s l&rsquo;autre vos cookies pour les supprimer<\/td>\n<\/tr>\n<\/tbody>\n<\/table>\n<p><em>Une fois que les cookies sont supprim\u00e9s, quittez puis relancez votre navigateur et tentez de vous reconnecter.<\/em><\/p>\n","protected":false},"excerpt":{"rendered":"<p>Information Cookies Les cookies que nous utilisons sur notre site sont r\u00e9partis en plusieurs cat\u00e9gories : 1. Les cookies \u00ab\u00a0essentiels\u00a0\u00bb qui conditionnent le bon fonctionnement du site. 2. Les cookies optionnels 1. Les cookies \u00ab\u00a0essentiels\u00a0\u00bb Les cookies \u201cessentiels\u201d vous permettent de naviguer sur notre site et d\u2019utiliser les fonctionnalit\u00e9s de base de notre site. Ces [&hellip;]<\/p>\n","protected":false},"author":3,"featured_media":0,"parent":0,"menu_order":0,"comment_status":"open","ping_status":"open","template":"","meta":{"footnotes":""},"class_list":["post-545","page","type-page","status-publish","hentry"],"aioseo_notices":[],"_links":{"self":[{"href":"https:\/\/www.jeannebarret.fr\/index.php?rest_route=\/wp\/v2\/pages\/545","targetHints":{"allow":["GET"]}}],"collection":[{"href":"https:\/\/www.jeannebarret.fr\/index.php?rest_route=\/wp\/v2\/pages"}],"about":[{"href":"https:\/\/www.jeannebarret.fr\/index.php?rest_route=\/wp\/v2\/types\/page"}],"author":[{"embeddable":true,"href":"https:\/\/www.jeannebarret.fr\/index.php?rest_route=\/wp\/v2\/users\/3"}],"replies":[{"embeddable":true,"href":"https:\/\/www.jeannebarret.fr\/index.php?rest_route=%2Fwp%2Fv2%2Fcomments&post=545"}],"version-history":[{"count":1,"href":"https:\/\/www.jeannebarret.fr\/index.php?rest_route=\/wp\/v2\/pages\/545\/revisions"}],"predecessor-version":[{"id":546,"href":"https:\/\/www.jeannebarret.fr\/index.php?rest_route=\/wp\/v2\/pages\/545\/revisions\/546"}],"wp:attachment":[{"href":"https:\/\/www.jeannebarret.fr\/index.php?rest_route=%2Fwp%2Fv2%2Fmedia&parent=545"}],"curies":[{"name":"wp","href":"https:\/\/api.w.org\/{rel}","templated":true}]}}