{"id":2,"date":"2014-11-05T14:08:11","date_gmt":"2014-11-05T14:08:11","guid":{"rendered":"https:\/\/www.jeannebarret.fr\/?page_id=2"},"modified":"2021-06-17T07:57:10","modified_gmt":"2021-06-17T06:57:10","slug":"page-d-exemple","status":"publish","type":"page","link":"https:\/\/www.jeannebarret.fr\/","title":{"rendered":"Jeanne Baret ou Barret"},"content":{"rendered":"<p><strong>Ce site a pour but de pr\u00e9senter et de discuter les documents permettant de donner un aper\u00e7u de la vie de Jeanne Baret ou Barret et de r\u00e9viser les biographies contre-vers\u00e9es ou romanc\u00e9e.<\/strong><\/p>\n<p><strong>Il est r\u00e9alis\u00e9 et anim\u00e9 par Gilles Pacaud et Jocelyne Pacaud-B\u00e9reau. Pour ce site Daniel Margottat a \u00e9crit plusieurs articles.<\/strong><\/p>\n<p><a href=\"https:\/\/www.jeannebarret.fr\/wp-content\/uploads\/2014\/11\/jeanne-barret.png\"><img loading=\"lazy\" decoding=\"async\" class=\" wp-image-13 aligncenter\" src=\"https:\/\/www.jeannebarret.fr\/wp-content\/uploads\/2014\/11\/jeanne-barret.png\" alt=\"jeanne-barret\" width=\"363\" height=\"254\" srcset=\"https:\/\/www.jeannebarret.fr\/wp-content\/uploads\/2014\/11\/jeanne-barret.png 400w, https:\/\/www.jeannebarret.fr\/wp-content\/uploads\/2014\/11\/jeanne-barret-300x210.png 300w\" sizes=\"auto, (max-width: 363px) 100vw, 363px\" \/><\/a><\/p>\n<p>Une tradition veut que Jeanne Baret ou Barret serait n\u00e9e le 27 juillet 1740 \u00e0 La Comelle\u00a0 pr\u00e8s d\u2019Autun (Bourgogne-France). Le probl\u00e8me est que celle-ci est d\u00e9clar\u00e9e d\u00e9c\u00e9d\u00e9e le 25 avril 1743 dans les registres paroissiaux de la commune de POIL. Cependant, il n\u2019en demeure pas moins qu\u2019une femme, se d\u00e9clarant s\u2019appeler Jeanne Barret a \u00e9t\u00e9 la premi\u00e8re femme \u00e0 avoir fait le tour du monde.<\/p>\n<p>D\u00e9guis\u00e9e en homme, elle accompagne Philibert Commerson, m\u00e9decin botaniste du roi, sur l\u2019Etoile, navire accompagnant La Boudeuse command\u00e9e par Bougainville.<\/p>\n<p>Dans un premier temps seront pr\u00e9sent\u00e9s les documents concernant la vie de Jeanne Barret puis ensuite ceux permettant de montrer son r\u00f4le aupr\u00e8s de P.Commerson, naturaliste exceptionnel, \u00a0laiss\u00e9 volontairement dans l\u2019ombre par la plupart des scientifiques qui vont \u00e9tudier ses r\u00e9coltes, ses notes et ses observations.<\/p>\n<p>Les documents historiques \u00e9tant trouv\u00e9s dans un ordre al\u00e9atoire, la pr\u00e9sentation se fera avec un classement par p\u00e9riode. Par ailleurs, une rubrique du site accueillera les derni\u00e8res informations.<\/p>\n<p style=\"text-align: right;\"><em>Gilles Pacaud.<\/em><\/p>\n<p style=\"text-align: right;\"><em>Jocelyne Pacaud-B\u00e9reau.<\/em><\/p>\n<p style=\"text-align: right;\"><em>Le 9 mars 2020<\/em><\/p>\n","protected":false},"excerpt":{"rendered":"<p>Ce site a pour but de pr\u00e9senter et de discuter les documents permettant de donner un aper\u00e7u de la vie de Jeanne Baret ou Barret et de r\u00e9viser les biographies contre-vers\u00e9es ou romanc\u00e9e. Il est r\u00e9alis\u00e9 et anim\u00e9 par Gilles Pacaud et Jocelyne Pacaud-B\u00e9reau. Pour ce site Daniel Margottat a \u00e9crit plusieurs articles. Une tradition [&hellip;]<\/p>\n","protected":false},"author":3,"featured_media":0,"parent":0,"menu_order":0,"comment_status":"open","ping_status":"open","template":"page-full.php","meta":{"footnotes":""},"class_list":["post-2","page","type-page","status-publish","hentry"],"aioseo_notices":[],"_links":{"self":[{"href":"https:\/\/www.jeannebarret.fr\/index.php?rest_route=\/wp\/v2\/pages\/2","targetHints":{"allow":["GET"]}}],"collection":[{"href":"https:\/\/www.jeannebarret.fr\/index.php?rest_route=\/wp\/v2\/pages"}],"about":[{"href":"https:\/\/www.jeannebarret.fr\/index.php?rest_route=\/wp\/v2\/types\/page"}],"author":[{"embeddable":true,"href":"https:\/\/www.jeannebarret.fr\/index.php?rest_route=\/wp\/v2\/users\/3"}],"replies":[{"embeddable":true,"href":"https:\/\/www.jeannebarret.fr\/index.php?rest_route=%2Fwp%2Fv2%2Fcomments&post=2"}],"version-history":[{"count":5,"href":"https:\/\/www.jeannebarret.fr\/index.php?rest_route=\/wp\/v2\/pages\/2\/revisions"}],"predecessor-version":[{"id":558,"href":"https:\/\/www.jeannebarret.fr\/index.php?rest_route=\/wp\/v2\/pages\/2\/revisions\/558"}],"wp:attachment":[{"href":"https:\/\/www.jeannebarret.fr\/index.php?rest_route=%2Fwp%2Fv2%2Fmedia&parent=2"}],"curies":[{"name":"wp","href":"https:\/\/api.w.org\/{rel}","templated":true}]}}

<p><strong>Ce site a pour but de présenter et de discuter les documents permettant de donner un aperçu de la vie de Jeanne Baret ou Barret et de réviser les biographies contre-versées ou romancée.</strong></p>
<p><strong>Il est réalisé et animé par Gilles Pacaud et Jocelyne Pacaud-Béreau. Pour ce site Daniel Margottat a écrit plusieurs articles.</strong></p>
<p><a href="https://www.jeannebarret.fr/wp-content/uploads/2014/11/jeanne-barret.png"><img loading="lazy" decoding="async" class=" wp-image-13 aligncenter" src="https://www.jeannebarret.fr/wp-content/uploads/2014/11/jeanne-barret.png" alt="jeanne-barret" width="363" height="254" srcset="https://www.jeannebarret.fr/wp-content/uploads/2014/11/jeanne-barret.png 400w, https://www.jeannebarret.fr/wp-content/uploads/2014/11/jeanne-barret-300x210.png 300w" sizes="auto, (max-width: 363px) 100vw, 363px" /></a></p>
<p>Une tradition veut que Jeanne Baret ou Barret serait née le 27 juillet 1740 à La Comelle  près d’Autun (Bourgogne-France). Le problème est que celle-ci est déclarée décédée le 25 avril 1743 dans les registres paroissiaux de la commune de POIL. Cependant, il n’en demeure pas moins qu’une femme, se déclarant s’appeler Jeanne Barret a été la première femme à avoir fait le tour du monde.</p>
<p>Déguisée en homme, elle accompagne Philibert Commerson, médecin botaniste du roi, sur l’Etoile, navire accompagnant La Boudeuse commandée par Bougainville.</p>
<p>Dans un premier temps seront présentés les documents concernant la vie de Jeanne Barret puis ensuite ceux permettant de montrer son rôle auprès de P.Commerson, naturaliste exceptionnel,  laissé volontairement dans l’ombre par la plupart des scientifiques qui vont étudier ses récoltes, ses notes et ses observations.</p>
<p>Les documents historiques étant trouvés dans un ordre aléatoire, la présentation se fera avec un classement par période. Par ailleurs, une rubrique du site accueillera les dernières informations.</p>
<p style="text-align: right;"><em>Gilles Pacaud.</em></p>
<p style="text-align: right;"><em>Jocelyne Pacaud-Béreau.</em></p>
<p style="text-align: right;"><em>Le 9 mars 2020</em></p>

<p>Ce site a pour but de présenter et de discuter les documents permettant de donner un aperçu de la vie de Jeanne Baret ou Barret et de réviser les biographies contre-versées ou romancée. Il est réalisé et animé par Gilles Pacaud et Jocelyne Pacaud-Béreau. Pour ce site Daniel Margottat a écrit plusieurs articles. Une tradition [&hellip;]</p>
